{"id":849,"date":"2022-12-31T15:25:04","date_gmt":"2022-12-31T15:25:04","guid":{"rendered":"https:\/\/ikhaya-lobuntu.de\/?page_id=849"},"modified":"2023-01-03T16:50:21","modified_gmt":"2023-01-03T16:50:21","slug":"aktivitaeten","status":"publish","type":"page","link":"https:\/\/ikhaya-lobuntu.de\/?page_id=849","title":{"rendered":"Aktivit\u00e4ten"},"content":{"rendered":"<div id=\"pl-849\"  class=\"panel-layout\" ><div id=\"pg-849-0\"  class=\"panel-grid panel-no-style\" ><div id=\"pgc-849-0-0\"  class=\"panel-grid-cell\" ><div id=\"panel-849-0-0-0\" class=\"so-panel widget widget_text panel-first-child\" data-index=\"0\" ><h3 class=\"widget-title\">Baden<\/h3>\t\t\t<div class=\"textwidget\"><p>Zahlreiche einsame Badeseen sind mit dem Auto in unter 30 Minuten zu erreichen und warten nur darauf, von euch entdeckt zu werden. Auch das Stettiner Haff l\u00e4dt zum Baden ein: Ob beschauliche Buchten in Altwarp oder das Strandbad in Uckerm\u00fcnde \u2013\u00a0hier ist f\u00fcr jeden etwas dabei.<\/p>\n<p>&nbsp;<\/p>\n<p>&nbsp;<\/p>\n<\/div>\n\t\t<\/div><div id=\"panel-849-0-0-1\" class=\"so-panel widget widget_sow-image-grid\" data-index=\"1\" ><div\n\t\t\t\n\t\t\tclass=\"so-widget-sow-image-grid so-widget-sow-image-grid-default-8bf08a9600e8-849\"\n\t\t\t data-overlay-enabled=\"1\" data-overlay-settings=\"{&quot;enabled_for_widgets&quot;:[&quot;sow-image&quot;,&quot;sow-image-grid&quot;,&quot;sow-simple-masonry&quot;],&quot;theme&quot;:&quot;&quot;,&quot;show_delay&quot;:300,&quot;overlay_color&quot;:&quot;#000000&quot;,&quot;overlay_opacity&quot;:0.8,&quot;overlay_position&quot;:&quot;bottom&quot;,&quot;overlay_size&quot;:0.3,&quot;desktop_show_trigger&quot;:&quot;hover&quot;,&quot;touch_show_trigger&quot;:&quot;touch&quot;,&quot;responsive_breakpoint&quot;:&quot;1024px&quot;,&quot;responsive_breakpoint_unit&quot;:&quot;px&quot;,&quot;overlay_animation&quot;:&quot;fade&quot;,&quot;overlay_animation_onscreen&quot;:false,&quot;font_family&quot;:&quot;&quot;,&quot;text_size&quot;:&quot;15px&quot;,&quot;text_size_unit&quot;:&quot;px&quot;,&quot;text_color&quot;:&quot;#fff&quot;,&quot;text_padding&quot;:&quot;22px 22px 22px 22px&quot;,&quot;text_position&quot;:&quot;middle&quot;,&quot;text_align&quot;:&quot;left&quot;,&quot;text_animation&quot;:&quot;&quot;}\"\n\t\t>\t<div\n\t\tclass=\"sow-image-grid-wrapper\"\n\t\t\t\t\t>\n\t\t\t\t\t<div class=\"sow-image-grid-image\">\n\t\t\t\t\t\t\t\t\t\t\t\t\t<a href=\"https:\/\/ikhaya-lobuntu.de\/wp-content\/uploads\/2023\/01\/Schwarzer-See-scaled.jpg\"\n\t\t\t\t\t\t\t\t\t\t\t\t\t\t\t\t\t\tdata-lightbox=\"212973103563b1b7c17c6d9464256531\" \t\t\t\t\t\t\t\t\t\t\t\t\t\t\t\t\t\t\t\t\t\t\t\tdata-lightbox-options=\"{&quot;overlayColor&quot;:&quot;#000&quot;,&quot;overlayOpacity&quot;:0.8,&quot;fadeDuration&quot;:600,&quot;fitImagesInViewport&quot;:true,&quot;imageFadeDuration&quot;:600,&quot;maxHeight&quot;:false,&quot;maxWidth&quot;:false,&quot;positionFromTop&quot;:50,&quot;resizeDuration&quot;:700,&quot;showImageNumberLabel&quot;:true,&quot;wrapAround&quot;:true,&quot;alwaysShowNavOnTouchDevices&quot;:false,&quot;disabledOnTablet&quot;:false,&quot;disabledOnMobile&quot;:false,&quot;disableScrolling&quot;:false,&quot;disableCaption&quot;:false,&quot;albumLabel&quot;:&quot; %1 of %2&quot;}\" \t\t\t\t\t\t\t\t\t\t\t\t\t\t\t\t\t\t\t\t\t\t\t\tdata-title=\"Schwarzer See (3 km)\" \t\t\t\t\t\t\t\t\t\t\t>\n\t\t\t\t\t\t\t\t<img loading=\"lazy\" decoding=\"async\" width=\"300\" height=\"169\" src=\"https:\/\/ikhaya-lobuntu.de\/wp-content\/uploads\/2023\/01\/Schwarzer-See-300x169.jpg\" class=\"sow-image-grid-image_html\" alt=\"\" title=\"Schwarzer See (3 km)\" srcset=\"https:\/\/ikhaya-lobuntu.de\/wp-content\/uploads\/2023\/01\/Schwarzer-See-300x169.jpg 300w, https:\/\/ikhaya-lobuntu.de\/wp-content\/uploads\/2023\/01\/Schwarzer-See-1024x576.jpg 1024w, https:\/\/ikhaya-lobuntu.de\/wp-content\/uploads\/2023\/01\/Schwarzer-See-768x432.jpg 768w, https:\/\/ikhaya-lobuntu.de\/wp-content\/uploads\/2023\/01\/Schwarzer-See-1536x864.jpg 1536w, https:\/\/ikhaya-lobuntu.de\/wp-content\/uploads\/2023\/01\/Schwarzer-See-2048x1152.jpg 2048w, https:\/\/ikhaya-lobuntu.de\/wp-content\/uploads\/2023\/01\/Schwarzer-See-600x338.jpg 600w\" sizes=\"auto, (max-width: 300px) 100vw, 300px\" \/>\t\t\t\t\t\t\t\t\t<\/a>\n\t\t\t\t\t\t\t\t\t\t\t<\/div>\n\t\t\t\t\t<div class=\"sow-image-grid-image\">\n\t\t\t\t\t\t\t\t\t\t\t\t\t\t\t\t\t\t\t\t\t\t\t<\/div>\n\t\t\t\t\t<div class=\"sow-image-grid-image\">\n\t\t\t\t\t\t\t\t\t\t\t\t\t<a href=\"https:\/\/ikhaya-lobuntu.de\/wp-content\/uploads\/2022\/12\/20210628_192133-scaled.jpg\"\n\t\t\t\t\t\t\t\t\t\t\t\t\t\t\t\t\t\tdata-lightbox=\"212973103563b1b7c17c6d9464256531\" \t\t\t\t\t\t\t\t\t\t\t\t\t\t\t\t\t\t\t\t\t\t\t\tdata-lightbox-options=\"{&quot;overlayColor&quot;:&quot;#000&quot;,&quot;overlayOpacity&quot;:0.8,&quot;fadeDuration&quot;:600,&quot;fitImagesInViewport&quot;:true,&quot;imageFadeDuration&quot;:600,&quot;maxHeight&quot;:false,&quot;maxWidth&quot;:false,&quot;positionFromTop&quot;:50,&quot;resizeDuration&quot;:700,&quot;showImageNumberLabel&quot;:true,&quot;wrapAround&quot;:true,&quot;alwaysShowNavOnTouchDevices&quot;:false,&quot;disabledOnTablet&quot;:false,&quot;disabledOnMobile&quot;:false,&quot;disableScrolling&quot;:false,&quot;disableCaption&quot;:false,&quot;albumLabel&quot;:&quot; %1 of %2&quot;}\" \t\t\t\t\t\t\t\t\t\t\t\t\t\t\t\t\t\t\t\t\t\t\t\tdata-title=\"Obersee (8 km)\" \t\t\t\t\t\t\t\t\t\t\t>\n\t\t\t\t\t\t\t\t<img loading=\"lazy\" decoding=\"async\" width=\"300\" height=\"169\" src=\"https:\/\/ikhaya-lobuntu.de\/wp-content\/uploads\/2022\/12\/20210628_192133-300x169.jpg\" class=\"sow-image-grid-image_html\" alt=\"\" title=\"Obersee (8 km)\" srcset=\"https:\/\/ikhaya-lobuntu.de\/wp-content\/uploads\/2022\/12\/20210628_192133-300x169.jpg 300w, https:\/\/ikhaya-lobuntu.de\/wp-content\/uploads\/2022\/12\/20210628_192133-1024x576.jpg 1024w, https:\/\/ikhaya-lobuntu.de\/wp-content\/uploads\/2022\/12\/20210628_192133-768x432.jpg 768w, https:\/\/ikhaya-lobuntu.de\/wp-content\/uploads\/2022\/12\/20210628_192133-1536x864.jpg 1536w, https:\/\/ikhaya-lobuntu.de\/wp-content\/uploads\/2022\/12\/20210628_192133-2048x1152.jpg 2048w, https:\/\/ikhaya-lobuntu.de\/wp-content\/uploads\/2022\/12\/20210628_192133-600x338.jpg 600w\" sizes=\"auto, (max-width: 300px) 100vw, 300px\" \/>\t\t\t\t\t\t\t\t\t<\/a>\n\t\t\t\t\t\t\t\t\t\t\t<\/div>\n\t\t\t\t\t<div class=\"sow-image-grid-image\">\n\t\t\t\t\t\t\t\t\t\t\t\t\t<a href=\"https:\/\/ikhaya-lobuntu.de\/wp-content\/uploads\/2023\/01\/20210606_160246-scaled.jpg\"\n\t\t\t\t\t\t\t\t\t\t\t\t\t\t\t\t\t\tdata-lightbox=\"212973103563b1b7c17c6d9464256531\" \t\t\t\t\t\t\t\t\t\t\t\t\t\t\t\t\t\t\t\t\t\t\t\tdata-lightbox-options=\"{&quot;overlayColor&quot;:&quot;#000&quot;,&quot;overlayOpacity&quot;:0.8,&quot;fadeDuration&quot;:600,&quot;fitImagesInViewport&quot;:true,&quot;imageFadeDuration&quot;:600,&quot;maxHeight&quot;:false,&quot;maxWidth&quot;:false,&quot;positionFromTop&quot;:50,&quot;resizeDuration&quot;:700,&quot;showImageNumberLabel&quot;:true,&quot;wrapAround&quot;:true,&quot;alwaysShowNavOnTouchDevices&quot;:false,&quot;disabledOnTablet&quot;:false,&quot;disabledOnMobile&quot;:false,&quot;disableScrolling&quot;:false,&quot;disableCaption&quot;:false,&quot;albumLabel&quot;:&quot; %1 of %2&quot;}\" \t\t\t\t\t\t\t\t\t\t\t\t\t\t\t\t\t\t\t\t\t\t\t\tdata-title=\"Grosser Kutzowsee (12 km)\" \t\t\t\t\t\t\t\t\t\t\t>\n\t\t\t\t\t\t\t\t<img loading=\"lazy\" decoding=\"async\" width=\"300\" height=\"169\" src=\"https:\/\/ikhaya-lobuntu.de\/wp-content\/uploads\/2023\/01\/20210606_160246-300x169.jpg\" class=\"sow-image-grid-image_html\" alt=\"\" title=\"Grosser Kutzowsee (12 km)\" srcset=\"https:\/\/ikhaya-lobuntu.de\/wp-content\/uploads\/2023\/01\/20210606_160246-300x169.jpg 300w, https:\/\/ikhaya-lobuntu.de\/wp-content\/uploads\/2023\/01\/20210606_160246-1024x576.jpg 1024w, https:\/\/ikhaya-lobuntu.de\/wp-content\/uploads\/2023\/01\/20210606_160246-768x432.jpg 768w, https:\/\/ikhaya-lobuntu.de\/wp-content\/uploads\/2023\/01\/20210606_160246-1536x864.jpg 1536w, https:\/\/ikhaya-lobuntu.de\/wp-content\/uploads\/2023\/01\/20210606_160246-2048x1152.jpg 2048w, https:\/\/ikhaya-lobuntu.de\/wp-content\/uploads\/2023\/01\/20210606_160246-600x338.jpg 600w\" sizes=\"auto, (max-width: 300px) 100vw, 300px\" \/>\t\t\t\t\t\t\t\t\t<\/a>\n\t\t\t\t\t\t\t\t\t\t\t<\/div>\n\t\t\t\t\t<div class=\"sow-image-grid-image\">\n\t\t\t\t\t\t\t\t\t\t\t\t\t<a href=\"https:\/\/ikhaya-lobuntu.de\/wp-content\/uploads\/2023\/01\/20200920_155304-scaled.jpg\"\n\t\t\t\t\t\t\t\t\t\t\t\t\t\t\t\t\t\tdata-lightbox=\"212973103563b1b7c17c6d9464256531\" \t\t\t\t\t\t\t\t\t\t\t\t\t\t\t\t\t\t\t\t\t\t\t\tdata-lightbox-options=\"{&quot;overlayColor&quot;:&quot;#000&quot;,&quot;overlayOpacity&quot;:0.8,&quot;fadeDuration&quot;:600,&quot;fitImagesInViewport&quot;:true,&quot;imageFadeDuration&quot;:600,&quot;maxHeight&quot;:false,&quot;maxWidth&quot;:false,&quot;positionFromTop&quot;:50,&quot;resizeDuration&quot;:700,&quot;showImageNumberLabel&quot;:true,&quot;wrapAround&quot;:true,&quot;alwaysShowNavOnTouchDevices&quot;:false,&quot;disabledOnTablet&quot;:false,&quot;disabledOnMobile&quot;:false,&quot;disableScrolling&quot;:false,&quot;disableCaption&quot;:false,&quot;albumLabel&quot;:&quot; %1 of %2&quot;}\" \t\t\t\t\t\t\t\t\t\t\t\t\t\t\t\t\t\t\t\t\t\t\t\tdata-title=\"Krugsdorfer See (15 km)\" \t\t\t\t\t\t\t\t\t\t\t>\n\t\t\t\t\t\t\t\t<img loading=\"lazy\" decoding=\"async\" width=\"300\" height=\"169\" src=\"https:\/\/ikhaya-lobuntu.de\/wp-content\/uploads\/2023\/01\/20200920_155304-300x169.jpg\" class=\"sow-image-grid-image_html\" alt=\"\" title=\"Krugsdorfer See (15 km)\" srcset=\"https:\/\/ikhaya-lobuntu.de\/wp-content\/uploads\/2023\/01\/20200920_155304-300x169.jpg 300w, https:\/\/ikhaya-lobuntu.de\/wp-content\/uploads\/2023\/01\/20200920_155304-1024x576.jpg 1024w, https:\/\/ikhaya-lobuntu.de\/wp-content\/uploads\/2023\/01\/20200920_155304-768x432.jpg 768w, https:\/\/ikhaya-lobuntu.de\/wp-content\/uploads\/2023\/01\/20200920_155304-1536x864.jpg 1536w, https:\/\/ikhaya-lobuntu.de\/wp-content\/uploads\/2023\/01\/20200920_155304-2048x1152.jpg 2048w, https:\/\/ikhaya-lobuntu.de\/wp-content\/uploads\/2023\/01\/20200920_155304-600x338.jpg 600w\" sizes=\"auto, (max-width: 300px) 100vw, 300px\" \/>\t\t\t\t\t\t\t\t\t<\/a>\n\t\t\t\t\t\t\t\t\t\t\t<\/div>\n\t\t\t\t\t<div class=\"sow-image-grid-image\">\n\t\t\t\t\t\t\t\t\t\t\t\t\t<a href=\"https:\/\/ikhaya-lobuntu.de\/wp-content\/uploads\/2023\/01\/altwarp-scaled.jpg\"\n\t\t\t\t\t\t\t\t\t\t\t\t\t\t\t\t\t\tdata-lightbox=\"212973103563b1b7c17c6d9464256531\" \t\t\t\t\t\t\t\t\t\t\t\t\t\t\t\t\t\t\t\t\t\t\t\tdata-lightbox-options=\"{&quot;overlayColor&quot;:&quot;#000&quot;,&quot;overlayOpacity&quot;:0.8,&quot;fadeDuration&quot;:600,&quot;fitImagesInViewport&quot;:true,&quot;imageFadeDuration&quot;:600,&quot;maxHeight&quot;:false,&quot;maxWidth&quot;:false,&quot;positionFromTop&quot;:50,&quot;resizeDuration&quot;:700,&quot;showImageNumberLabel&quot;:true,&quot;wrapAround&quot;:true,&quot;alwaysShowNavOnTouchDevices&quot;:false,&quot;disabledOnTablet&quot;:false,&quot;disabledOnMobile&quot;:false,&quot;disableScrolling&quot;:false,&quot;disableCaption&quot;:false,&quot;albumLabel&quot;:&quot; %1 of %2&quot;}\" \t\t\t\t\t\t\t\t\t\t\t\t\t\t\t\t\t\t\t\t\t\t\t\tdata-title=\"Altwarp Stettiner Haff (39 km)\" \t\t\t\t\t\t\t\t\t\t\t>\n\t\t\t\t\t\t\t\t<img loading=\"lazy\" decoding=\"async\" width=\"300\" height=\"169\" src=\"https:\/\/ikhaya-lobuntu.de\/wp-content\/uploads\/2023\/01\/altwarp-300x169.jpg\" class=\"sow-image-grid-image_html\" alt=\"\" title=\"Altwarp Stettiner Haff (39 km)\" srcset=\"https:\/\/ikhaya-lobuntu.de\/wp-content\/uploads\/2023\/01\/altwarp-300x169.jpg 300w, https:\/\/ikhaya-lobuntu.de\/wp-content\/uploads\/2023\/01\/altwarp-1024x576.jpg 1024w, https:\/\/ikhaya-lobuntu.de\/wp-content\/uploads\/2023\/01\/altwarp-768x432.jpg 768w, https:\/\/ikhaya-lobuntu.de\/wp-content\/uploads\/2023\/01\/altwarp-1536x864.jpg 1536w, https:\/\/ikhaya-lobuntu.de\/wp-content\/uploads\/2023\/01\/altwarp-2048x1152.jpg 2048w, https:\/\/ikhaya-lobuntu.de\/wp-content\/uploads\/2023\/01\/altwarp-600x338.jpg 600w\" sizes=\"auto, (max-width: 300px) 100vw, 300px\" \/>\t\t\t\t\t\t\t\t\t<\/a>\n\t\t\t\t\t\t\t\t\t\t\t<\/div>\n\t\t\t\t\t<div class=\"sow-image-grid-image\">\n\t\t\t\t\t\t\t\t\t\t\t\t\t<a href=\"https:\/\/ikhaya-lobuntu.de\/wp-content\/uploads\/2023\/01\/Strandbad-Ueckermuende-scaled.jpg\"\n\t\t\t\t\t\t\t\t\t\t\t\t\t\t\t\t\t\tdata-lightbox=\"212973103563b1b7c17c6d9464256531\" \t\t\t\t\t\t\t\t\t\t\t\t\t\t\t\t\t\t\t\t\t\t\t\tdata-lightbox-options=\"{&quot;overlayColor&quot;:&quot;#000&quot;,&quot;overlayOpacity&quot;:0.8,&quot;fadeDuration&quot;:600,&quot;fitImagesInViewport&quot;:true,&quot;imageFadeDuration&quot;:600,&quot;maxHeight&quot;:false,&quot;maxWidth&quot;:false,&quot;positionFromTop&quot;:50,&quot;resizeDuration&quot;:700,&quot;showImageNumberLabel&quot;:true,&quot;wrapAround&quot;:true,&quot;alwaysShowNavOnTouchDevices&quot;:false,&quot;disabledOnTablet&quot;:false,&quot;disabledOnMobile&quot;:false,&quot;disableScrolling&quot;:false,&quot;disableCaption&quot;:false,&quot;albumLabel&quot;:&quot; %1 of %2&quot;}\" \t\t\t\t\t\t\t\t\t\t\t\t\t\t\t\t\t\t\t\t\t\t\t\tdata-title=\"Strandbad Ueckerm\u00fcnde (40 km)\" \t\t\t\t\t\t\t\t\t\t\t>\n\t\t\t\t\t\t\t\t<img loading=\"lazy\" decoding=\"async\" width=\"300\" height=\"169\" src=\"https:\/\/ikhaya-lobuntu.de\/wp-content\/uploads\/2023\/01\/Strandbad-Ueckermuende-300x169.jpg\" class=\"sow-image-grid-image_html\" alt=\"\" title=\"Strandbad Ueckerm\u00fcnde (40 km)\" srcset=\"https:\/\/ikhaya-lobuntu.de\/wp-content\/uploads\/2023\/01\/Strandbad-Ueckermuende-300x169.jpg 300w, https:\/\/ikhaya-lobuntu.de\/wp-content\/uploads\/2023\/01\/Strandbad-Ueckermuende-1024x576.jpg 1024w, https:\/\/ikhaya-lobuntu.de\/wp-content\/uploads\/2023\/01\/Strandbad-Ueckermuende-768x432.jpg 768w, https:\/\/ikhaya-lobuntu.de\/wp-content\/uploads\/2023\/01\/Strandbad-Ueckermuende-1536x864.jpg 1536w, https:\/\/ikhaya-lobuntu.de\/wp-content\/uploads\/2023\/01\/Strandbad-Ueckermuende-2048x1152.jpg 2048w, https:\/\/ikhaya-lobuntu.de\/wp-content\/uploads\/2023\/01\/Strandbad-Ueckermuende-600x338.jpg 600w\" sizes=\"auto, (max-width: 300px) 100vw, 300px\" \/>\t\t\t\t\t\t\t\t\t<\/a>\n\t\t\t\t\t\t\t\t\t\t\t<\/div>\n\t\t\t<\/div>\n<\/div><\/div><div id=\"panel-849-0-0-2\" class=\"so-panel widget widget_text\" data-index=\"2\" ><h3 class=\"widget-title\">Radfahren<\/h3>\t\t\t<div class=\"textwidget\"><p>Der Oder-Nei\u00dfe-Radweg quasi direkt vor der Haust\u00fcr \u2013 Radfahrfans kommen hier auf ihre Kosten. Wenig befahrene Stra\u00dfen, eine Vielzahl an Radwegen und idyllische Landschaften laden zum Erkunden der Umgebung auf zwei R\u00e4dern ein.<\/p>\n<p>&nbsp;<\/p>\n<\/div>\n\t\t<\/div><div id=\"panel-849-0-0-3\" class=\"so-panel widget widget_text\" data-index=\"3\" ><h3 class=\"widget-title\">Wandern<\/h3>\t\t\t<div class=\"textwidget\"><p>Die unber\u00fchrte Natur Vorpommerns ist der ideale Ort f\u00fcr entspannte Wanderungen. W\u00e4hrend man die einsamen Waldwege entlanggeht, trifft man auf den ein oder anderen Waldbewohner.<\/p>\n<p>Im Herbst ist das markante R\u00f6hren des Hirsches zu h\u00f6ren und Gruppen von Rotwild und Damwild mit Kitzen kreuzen die Wege. Auch Wildschweine, Dachse, Marder, Hasen und F\u00fcchse sagen sich hier gute Nacht.<\/p>\n<p>Nicht nur der Boden des Waldes, sondern auch die luftigen H\u00f6hen haben einiges zu bieten: Zahlreiche heimische Greifv\u00f6gel sind hier zu beobachten und auch die majest\u00e4tische Kraniche sieht man durch die L\u00fcfte ziehen und auf den Lichtungen nach Futter suchen.<\/p>\n<\/div>\n\t\t<\/div><div id=\"panel-849-0-0-4\" class=\"so-panel widget widget_text\" data-index=\"4\" ><h3 class=\"widget-title\">Kanufahren<\/h3>\t\t\t<div class=\"textwidget\"><p>Auch Anf\u00e4nger k\u00f6nnen hier durch die ruhigen Fl\u00fcssen in den Genuss des Kanufahrens kommen. Von Pasewalk bis zum Stettiner Haff kann die Uecker bepaddelt werden und auch andere Fl\u00fcsse und Seen im Umkreis laden zu einer Kanutour ein.<\/p>\n<\/div>\n\t\t<\/div><div id=\"panel-849-0-0-5\" class=\"so-panel widget widget_text panel-last-child\" data-index=\"5\" ><h3 class=\"widget-title\">Ausflugsziele<\/h3>\t\t\t<div class=\"textwidget\"><p>Neben sportlichen Freizeitaktivit\u00e4ten gibt es in der Umgebung auch einige andere Ziele, die einen Ausflug wert sind: Das Museumsschiff &#8222;Pommerkogge&#8220;, der Minigolfplatz, der Kletterpark oder der Tierpark sind nur einige Beispiele, was Ueckerm\u00fcnde zu bieten hat. In Torgelow kann das Freilichtmuseum &#8222;Ukranenland&#8220;, ein altes Slawendorf, besichtigt werden. Wer nach der vielen Natur Sehnsucht nach einer Gro\u00dfstadt mit Ausgehm\u00f6glichkeiten, Restaurants, Gesch\u00e4ften sowie Sport- und Freizeitangeboten hat, wird sicherlich in Stettin in Polen f\u00fcndig werden (Entfernung ca. 20 km). Sandstr\u00e4nde, D\u00fcnen und viele touristische Angebote auf der Insel Usedom versprechen einen abwechslungsreichen Tagesausflug.<\/p>\n<\/div>\n\t\t<\/div><\/div><\/div><\/div>","protected":false},"excerpt":{"rendered":"<p>Zahlreiche einsame Badeseen sind mit dem Auto in unter 30 Minuten zu erreichen und warten nur darauf, von euch entdeckt zu werden. Auch das Stettiner Haff l\u00e4dt zum Baden ein: Ob beschauliche Buchten in Altwarp oder das Strandbad in Uckerm\u00fcnde \u2013\u00a0hier ist f\u00fcr jeden etwas dabei. &nbsp; &nbsp; Der Oder-Nei\u00dfe-Radweg quasi direkt vor der Haust\u00fcr [&hellip;]<\/p>\n","protected":false},"author":1,"featured_media":0,"parent":0,"menu_order":0,"comment_status":"closed","ping_status":"closed","template":"home-panels.php","meta":{"footnotes":""},"class_list":["post-849","page","type-page","status-publish","hentry","post"],"_links":{"self":[{"href":"https:\/\/ikhaya-lobuntu.de\/index.php?rest_route=\/wp\/v2\/pages\/849","targetHints":{"allow":["GET"]}}],"collection":[{"href":"https:\/\/ikhaya-lobuntu.de\/index.php?rest_route=\/wp\/v2\/pages"}],"about":[{"href":"https:\/\/ikhaya-lobuntu.de\/index.php?rest_route=\/wp\/v2\/types\/page"}],"author":[{"embeddable":true,"href":"https:\/\/ikhaya-lobuntu.de\/index.php?rest_route=\/wp\/v2\/users\/1"}],"replies":[{"embeddable":true,"href":"https:\/\/ikhaya-lobuntu.de\/index.php?rest_route=%2Fwp%2Fv2%2Fcomments&post=849"}],"version-history":[{"count":35,"href":"https:\/\/ikhaya-lobuntu.de\/index.php?rest_route=\/wp\/v2\/pages\/849\/revisions"}],"predecessor-version":[{"id":1073,"href":"https:\/\/ikhaya-lobuntu.de\/index.php?rest_route=\/wp\/v2\/pages\/849\/revisions\/1073"}],"wp:attachment":[{"href":"https:\/\/ikhaya-lobuntu.de\/index.php?rest_route=%2Fwp%2Fv2%2Fmedia&parent=849"}],"curies":[{"name":"wp","href":"https:\/\/api.w.org\/{rel}","templated":true}]}}